y(r) = r - 3. Give y(x).
-10
Let f(q) = -7*q + 7. Let o be f(-6). Suppose -i - o = 5*h, -6*i = -3*h - 3*i - 15. Let t(j) be the first derivative of -j**2/2 - 6*j - 1196. Determine t(h).
3
Let l(b) = 51*b + 4 - 25*b - 25*b - 19 + 59. Determine l(-20).
24
Suppose 7*q - 6*q = 2. Let g(j) = -4*j**q + 7*j + 7436 - 7433 + 3*j**2. Calculate g(4).
15
Let y(n) = -3*n - 8. Let k(u) = u + 2. Let x(v) = 9*k(v) + 2*y(v). Suppose 9*f = 7*f + 8. Let w be f*((-3)/(-5))/((-88)/110). Calculate x(w).
-7
Let h(n) be the second derivative of 2*n**2 + 1/6*n**3 - 35*n + 0. Suppose 0 = k - 3*k - 18. Give h(k).
-5
Let l(f) = 13*f + 45. Let j = -3810 + 3806. Give l(j).
-7
Let a(q) = -q**3 + 3*q. Let m(y) = -y**2 + y. Let g(s) = s**3 - 7*s**2 + 5*s + 1. Let c(b) = g(b) - 6*m(b). Let x(n) = a(n) + 2*c(n). Calculate x(-1).
-2
Let a(x) = x**3 - 11*x**2 + 7. Suppose -446 = 5*n - 456. Let s be 11/(6 - (n + 3)). What is a(s)?
7
Let l be 11/((-11)/(-6)) + -6. Let q be -1 + -2 + 5 + 2. Let i(z) = -z**2 - 2*z + 0*z**3 - 3 + z**3 + z + q. What is i(l)?
1
Let y(p) = p**3 - 6*p**2 + 3*p + 14. Suppose o + 3 = 6*t - 5*t, 0 = -5*o + 10. Let l be y(t). Let d(z) = 2 + 3 + 0 + l*z - 1 + z**2. What is d(-4)?
4
Let r(c) = 0 + 5*c + 1 + 0. Let b = -130892 + 130895. Determine r(b).
16
Let g = 52 - 51. Let o(x) = 0*x - 1922*x**2 + 1924*x**2 + x - g. What is o(-1)?
0
Let x(w) = -2*w**2 + 2*w + 6. Suppose 0 = a - 0*a - 36. Suppose a = -o + 34. Calculate x(o).
-6
Let f(b) = -b**2 - 2*b. Suppose 7*l - 27 - 22 = 0. Suppose -6 = -4*d + l*d. Calculate f(d).
0
Let q(x) = 413*x + 156. Let i(r) = -1316*r - 468. Let k(v) = 5*i(v) + 16*q(v). What is k(-5)?
16
Let q(z) = -4*z**2 + 51*z - 12. Let h(c) = -45*c**2 + 635*c - 145. Let i(k) = -2*h(k) + 25*q(k). Determine i(2).
-40
Let j(s) = 2*s**2 + 4*s + 4. Let b = 9122 - 9124. Calculate j(b).
4
Let t(a) = 17*a**2 + 2*a + 85. Let p(x) = 3*x**2 + 17. Let h(w) = 11*p(w) - 2*t(w). Calculate h(-6).
5
Suppose -47*v = -51*v + 40. Let q(x) = v + 11*x**3 - 11 - 10*x**3 - x + 6*x**2. Suppose -3*s = -12*s - 54. Determine q(s).
5
Suppose -30*h - 4 = -32*h. Suppose 16 = -h*t - 2*m - 6, -10 = 2*m. Let w(r) = -r**2 - 4*r + 4. Determine w(t).
-8
Suppose 3*c = -2*t - 116, 7*c - 4*t - 192 = 12*c. Let k be c/(-30)*(2 - 5). Let z(o) = -o - 3. Determine z(k).
1
Let l(m) = -5 + 0*m - m - 6*m**2 - 34 + 7*m**2. Determine l(0).
-39
Let g(y) = y**3 - 7*y**2 - 8*y + 3. Let d be ((-44)/(-10) - 72/18)*20. What is g(d)?
3
Let t(b) be the third derivative of -b**6/720 - 13*b**5/120 + 17*b**4/12 + 30*b**2. Let n(a) be the second derivative of t(a). What is n(-11)?
-2
Suppose -5*g + 73 = 2*b, 3*b + 59 = 5*g - 19. Suppose 6*q = 3*j + 8*q - 6, 3*j - 5*q = -g. Let l(m) = -m**2 + m + 2. Give l(j).
2
Let y(j) = j**2 - j. Let b(u) = -u**2 + 5*u + 2. Let p = -230 - -163. Let t = p - -68. Let l(x) = t*b(x) + 2*y(x). Calculate l(-5).
12
Let z(f) be the second derivative of f**5/20 - f**4/2 + f**3 - 3*f**2/2 + 228622*f. Let d be 1*-1 - (-5)/1. What is z(d)?
-11
Let n(u) = -3*u - u**2 + 6*u - 545*u**3 + 544*u**3 + 3. Suppose 0 = -2*c - 37 + 33. Calculate n(c).
1
Let x(v) = 2*v - 15. Let y(o) = -o**3 + 29*o**2 + 27*o + 93. Let r be y(30). Suppose 3*n + r*s = -2*n + 44, -3*n + 24 = 3*s. What is x(n)?
5
Let z(r) be the third derivative of -r**8/20160 + r**7/840 + r**6/240 - 49*r**5/20 + 131*r**2 - 1. Let n(p) be the third derivative of z(p). Determine n(8).
-13
Let d(a) = a**3 - 19*a**2 + 33*a + 21. Let r = 122 + -105. Let l be d(r). Let w(x) = -x**3 + 6*x**2 - 7*x - 5. Determine w(l).
-1
Let s(d) be the second derivative of 11*d**8/6720 + d**4/12 - 9*d**2/2 + 29*d. Let x(w) be the third derivative of s(w). What is x(1)?
11
Let u(j) = j**2 + 13*j - 70 + 126 + 0*j**2 - 61. Suppose 0 = 4*s + 8 + 44. Calculate u(s).
-5
Let k(p) = -p - 13. Let m = -107 - -130. Let d = m + -20. Suppose -d*l + 2*g = -g + 42, -4*g = -l - 29. Calculate k(l).
-4
Let w(x) = 16*x**3 - 2*x**2 - x. Let k(f) = -f**2 + 8*f - 13. Let n(y) = 2*y**3 - 23*y**2 + 46*y - 3. Let t be n(9). Let r be k(t). What is w(r)?
-17
Let b(s) be the first derivative of s**3/3 - 19*s**2/2 - 118*s + 10. Let f(t) be the first derivative of b(t). What is f(11)?
3
Let u(o) = -o**2 + 17*o - 29. Let v be u(15). Let f be 2/2*(-9 - -12). Let d(s) = s**2 - 7*s**f + s - 1 - s**3 + 6*s**3. Give d(v).
-1
Let f(r) = -r**3 - r**2 + 3*r - 10. Let p be (7 + 52/(-8))*0. Calculate f(p).
-10
Let q(b) = b**2 + 6*b. Suppose -s - 4*k + 88 = 0, -s + 4*k = 2*k - 100. Suppose -14*x - 10*x = s. Give q(x).
-8
Let u(o) be the first derivative of -o**3/3 - 9*o**2 + 117*o - 4191. Determine u(6).
-27
Let u(m) = -m**2 + 3*m + 1. Suppose 0 = 3*g - 5*o - 52, 0*g + 3*o = 4*g - 84. Let r be (18/g)/((-6)/(-16)*1). Suppose -16 = -7*q - r. Determine u(q).
3
Let k = 469/660 - -27/220. Let b(a) be the second derivative of -37*a + 0*a**2 - k*a**3 + 0. Calculate b(-1).
5
Let u = 8 + -2. Let w(h) be the second derivative of 13*h + 1/12*h**4 - 7/6*h**3 + h**2 + 0. Give w(u).
-4
Let l(x) be the third derivative of -x**4/3 + x**3/6 - 3*x**2 - 21*x. Let w(i) = i**3 + 2*i**2 - 3*i - 4. Let h be w(-3). Calculate l(h).
33
Let c(u) = -542*u + 9192. Let x be c(17). Let f(r) = r**2 + 24*r + 8. Determine f(x).
-36
Let y(p) be the first derivative of 1/4*p**4 - 135 + 6*p**2 + 12*p + 14/3*p**3. Give y(-13).
25
Suppose 47 - 171 = -18*g + 20. Let f(k) = 2*k**3 + 10*k - 7*k**2 - 7 - 2*k**2 - k**3. Determine f(g).
9
Let j(d) = -22*d + 6 + 78*d - 3 - 29*d - 26*d. Give j(0).
3
Let c(z) = -2. Let o(t) = 3. Let l(i) = 2*c(i) + o(i). Let y(g) = -g**2 - 8*g - 12. Let a(p) = 6*l(p) - y(p). Let v(w) = w - 15. Let q be v(10). Calculate a(q).
-9
Let b(m) = -110*m - 1650. Let f be b(-15). Let s(p) be the third derivative of 0*p - 1/60*p**5 + 14*p**2 + 0 + 3/8*p**4 + f*p**3. Give s(8).
8
Let g(n) = -n**2 + 25*n - 20. Let d = 35 + -11. Let m be g(d). Suppose 5*o + v + 6 = 0, 5*o - 2*v = 1 - m. Let t(p) = 5*p**2 + p. Calculate t(o).
4
Let r(b) = b - 3. Let u(h) = -26*h**3 + 2*h**2 + 5*h + 3. Let i be u(-1). Suppose 32*m - i*m + 36 = 0. Determine r(m).
-9
Let r(n) = -4*n - 14. Let v be r(-4). Suppose v*f - f = -7*f. Let a(g) = -2*g - 5. Let y(b) = b + 1. Let h(x) = a(x) + 3*y(x). Calculate h(f).
-2
Suppose 9*r + 111 = 129. Let n(b) = b**2 - 3*b**2 - 12*b**2 + 2*b**r + 3*b**2. What is n(-1)?
-9
Suppose q + 3*z - 1 = -7, -4*q = z - 9. Let h(v) = -1 - 2*v**q + v**3 - 9*v**3 + 13*v**3 + 2*v**2. Give h(-1).
-2
Let p(t) be the second derivative of -1/2*t**2 - 1/2*t**3 - 45*t - 1/6*t**4 + 1. Calculate p(-1).
0
Let f = 3496 - 3492. Let h(w) = w + 3. Calculate h(f).
7
Let k be -5*(12/(-15) - 3). Let w(h) = 7 + 272*h + 12 - 140*h + 10 - 133*h - 9. Calculate w(k).
1
Let o be 2/7 + (-19)/(-7). Let r(q) = 17*q + 80 - 42 - 19 - 24. Let m(b) = 7*b - 2. Let y(v) = 5*m(v) - 2*r(v). Calculate y(o).
3
Let d(o) = 47*o - 549*o**2 + 182*o**2 + 182*o**2 + 184*o**2 + 105. Give d(49).
7
Let k(m) = 12993*m - 25976*m + 3*m**2 - 5 + 12989*m + 1. Determine k(-2).
-4
Let x be 58/18 + 8/(-36). Suppose 3*r = -x*r + 24. Let v(o) = o + 0 + r + 1 - 6. Determine v(-6).
-7
Let o(x) = -4*x + 46. Suppose 38 = 4*y + 7*z, 17*z = 4*y + 13*z - 60. What is o(y)?
-6
Let t(v) = -v**2 + 18*v - 51. Let o be (-1)/((-6)/(-4) - (-2000)/(-1280)). Calculate t(o).
-19
Let b(a) = 5*a - 426 - a - 424 + 849. Give b(-3).
-13
Suppose 10*o - 12*o + 21 = o. Let m(s) = -s**2 + 3*s + 25. Give m(o).
-3
Let j(k) = -k**2 - 8*k + 32. Let h be 3 - 78/(17 + -11). What is j(h)?
12
Let o(f) = f**3 + 9*f**2 + 9*f - 1. Let h be -61 + (-3 + 5)*(1 + -2). Let p = 160 + h. Let z = p - 105. Determine o(z).
-9
Let g(r) = r**3 - 4*r**2 - 5*r - 3. Let t be ((-3520)/(-100))/(1/(-5)). Let v = 181 + t. Determine g(v).
-3
Suppose 22380*p - 20 = 2*g + 22376*p, -3*g - 3*p - 3 = 0. Let y(n) = n**3 + 2*n**2 - 2*n**3 - 7*n**2 - 3*n. What is y(g)?
-4
Suppose -5*b - 3*p + 188 = -0*p, -p = -2*b + 84. Let o be (-15)/(-6)*48/b. Let k(u) = -7 - 6 - o*u**2 - u + 13. Calculate k(-1).
-2
Let r(j) = j**2 + 4*j - 5. Let x = -463 + 441. Let f be (-8)/44*-1 + 4/x. What is r(f)?
-5
Let b(l) be the first derivative of -l**4/4 + 7*l**3/3 + 4*l**2 + 6*l + 17. Let k = 1367 - 1359. What is b(k)?
6
Let x(q) = -2*q**3 - 15*q**2 - 8*q - 15. Let l(u) = u**3 - 17*u**2 - 20*u + 29. Let o be l(18). Let j be x(o). Let h(k) = k**2 + 11*k - 